{"version":"1.0","provider_name":"Folha Popular","provider_url":"https:\/\/folhapopular.info","author_name":"Reda\u00e7\u00e3o Folha Popular","author_url":"https:\/\/folhapopular.info\/index.php\/author\/redacao\/","title":"Estrelense brilha no Sul-Brasileiro de Jiu-Jitsu - Folha Popular","type":"rich","width":600,"height":338,"html":"<blockquote class=\"wp-embedded-content\" data-secret=\"R4xIK9GU5P\"><a href=\"https:\/\/folhapopular.info\/index.php\/2024\/02\/17\/estrelense-brilha-no-sul-brasileiro-de-jiu-jitsu\/\">Estrelense brilha no Sul-Brasileiro de Jiu-Jitsu<\/a><\/blockquote><iframe sandbox=\"allow-scripts\" security=\"restricted\" src=\"https:\/\/folhapopular.info\/index.php\/2024\/02\/17\/estrelense-brilha-no-sul-brasileiro-de-jiu-jitsu\/embed\/#?secret=R4xIK9GU5P\" width=\"600\" height=\"338\" title=\"&#8220;Estrelense brilha no Sul-Brasileiro de Jiu-Jitsu&#8221; &#8212; Folha Popular\" data-secret=\"R4xIK9GU5P\" frameborder=\"0\" marginwidth=\"0\" marginheight=\"0\" scrolling=\"no\" class=\"wp-embedded-content\"><\/iframe><script type=\"text\/javascript\">\n\/* <![CDATA[ *\/\n\/*! This file is auto-generated *\/\n!function(d,l){\"use strict\";l.querySelector&&d.addEventListener&&\"undefined\"!=typeof URL&&(d.wp=d.wp||{},d.wp.receiveEmbedMessage||(d.wp.receiveEmbedMessage=function(e){var t=e.data;if((t||t.secret||t.message||t.value)&&!\/[^a-zA-Z0-9]\/.test(t.secret)){for(var s,r,n,a=l.querySelectorAll('iframe[data-secret=\"'+t.secret+'\"]'),o=l.querySelectorAll('blockquote[data-secret=\"'+t.secret+'\"]'),c=new RegExp(\"^https?:$\",\"i\"),i=0;i<o.length;i++)o[i].style.display=\"none\";for(i=0;i<a.length;i++)s=a[i],e.source===s.contentWindow&&(s.removeAttribute(\"style\"),\"height\"===t.message?(1e3<(r=parseInt(t.value,10))?r=1e3:~~r<200&&(r=200),s.height=r):\"link\"===t.message&&(r=new URL(s.getAttribute(\"src\")),n=new URL(t.value),c.test(n.protocol))&&n.host===r.host&&l.activeElement===s&&(d.top.location.href=t.value))}},d.addEventListener(\"message\",d.wp.receiveEmbedMessage,!1),l.addEventListener(\"DOMContentLoaded\",function(){for(var e,t,s=l.querySelectorAll(\"iframe.wp-embedded-content\"),r=0;r<s.length;r++)(t=(e=s[r]).getAttribute(\"data-secret\"))||(t=Math.random().toString(36).substring(2,12),e.src+=\"#?secret=\"+t,e.setAttribute(\"data-secret\",t)),e.contentWindow.postMessage({message:\"ready\",secret:t},\"*\")},!1)))}(window,document);\n\/\/# sourceURL=https:\/\/folhapopular.info\/wp-includes\/js\/wp-embed.min.js\n\/* ]]> *\/\n<\/script>\n","thumbnail_url":"http:\/\/folhapopular.info\/wp-content\/uploads\/2024\/02\/Jiu-Jitsu-Paloma-1-capa-scaled.jpg","thumbnail_width":2560,"thumbnail_height":1441,"description":"O Campeonato Sul-Brasileiro de Jiu-Jitsu, promovido pela Confedera\u00e7\u00e3o Brasileira de Jiu-Jitsu, aconteceu no in\u00edcio do m\u00eas em S\u00e3o Jos\u00e9, Santa Catarina, e \u00e9 reconhecido como um dos principais eventos da modalidade no pa\u00eds. Entre os participantes, competidores do Vale do Taquari que se destacaram, entre eles uma atleta estrelense. Na categoria faixa Roxa M\u00e1ster 1, [&hellip;]"}

Redação Folha Popular

O Campeonato Sul-Brasileiro de Jiu-Jitsu, promovido pela Confederação Brasileira de Jiu-Jitsu, aconteceu no início do mês em São José, Santa Catarina, e é reconhecido como um dos principais eventos da modalidade no país. Entre os participantes, competidores do Vale do Taquari que se destacaram, entre eles uma atleta estrelense. Na categoria faixa Roxa Máster 1, [&hellip;]
