{"version":"1.0","provider_name":"Folha Popular","provider_url":"https:\/\/folhapopular.info","author_name":"Reda\u00e7\u00e3o Folha Popular","author_url":"https:\/\/folhapopular.info\/index.php\/author\/redacao\/","title":"Cacis promove Caf\u00e9 Empresarial em Estrela - Folha Popular","type":"rich","width":600,"height":338,"html":"<blockquote class=\"wp-embedded-content\" data-secret=\"kTETDlb9Me\"><a href=\"https:\/\/folhapopular.info\/index.php\/2024\/08\/09\/cacis-promove-cafe-empresarial-em-estrela\/\">Cacis promove Caf\u00e9 Empresarial em Estrela<\/a><\/blockquote><iframe sandbox=\"allow-scripts\" security=\"restricted\" src=\"https:\/\/folhapopular.info\/index.php\/2024\/08\/09\/cacis-promove-cafe-empresarial-em-estrela\/embed\/#?secret=kTETDlb9Me\" width=\"600\" height=\"338\" title=\"&#8220;Cacis promove Caf\u00e9 Empresarial em Estrela&#8221; &#8212; Folha Popular\" data-secret=\"kTETDlb9Me\" frameborder=\"0\" marginwidth=\"0\" marginheight=\"0\" scrolling=\"no\" class=\"wp-embedded-content\"><\/iframe><script type=\"text\/javascript\">\n\/* <![CDATA[ *\/\n\/*! This file is auto-generated *\/\n!function(d,l){\"use strict\";l.querySelector&&d.addEventListener&&\"undefined\"!=typeof URL&&(d.wp=d.wp||{},d.wp.receiveEmbedMessage||(d.wp.receiveEmbedMessage=function(e){var t=e.data;if((t||t.secret||t.message||t.value)&&!\/[^a-zA-Z0-9]\/.test(t.secret)){for(var s,r,n,a=l.querySelectorAll('iframe[data-secret=\"'+t.secret+'\"]'),o=l.querySelectorAll('blockquote[data-secret=\"'+t.secret+'\"]'),c=new RegExp(\"^https?:$\",\"i\"),i=0;i<o.length;i++)o[i].style.display=\"none\";for(i=0;i<a.length;i++)s=a[i],e.source===s.contentWindow&&(s.removeAttribute(\"style\"),\"height\"===t.message?(1e3<(r=parseInt(t.value,10))?r=1e3:~~r<200&&(r=200),s.height=r):\"link\"===t.message&&(r=new URL(s.getAttribute(\"src\")),n=new URL(t.value),c.test(n.protocol))&&n.host===r.host&&l.activeElement===s&&(d.top.location.href=t.value))}},d.addEventListener(\"message\",d.wp.receiveEmbedMessage,!1),l.addEventListener(\"DOMContentLoaded\",function(){for(var e,t,s=l.querySelectorAll(\"iframe.wp-embedded-content\"),r=0;r<s.length;r++)(t=(e=s[r]).getAttribute(\"data-secret\"))||(t=Math.random().toString(36).substring(2,12),e.src+=\"#?secret=\"+t,e.setAttribute(\"data-secret\",t)),e.contentWindow.postMessage({message:\"ready\",secret:t},\"*\")},!1)))}(window,document);\n\/\/# sourceURL=https:\/\/folhapopular.info\/wp-includes\/js\/wp-embed.min.js\n\/* ]]> *\/\n<\/script>\n","thumbnail_url":"http:\/\/folhapopular.info\/wp-content\/uploads\/2024\/08\/WhatsApp-Image-2024-08-07-at-08.36.20.jpeg","thumbnail_width":966,"thumbnail_height":471,"description":"A C\u00e2mara de Com\u00e9rcio, Ind\u00fastria, Servi\u00e7os e Agroneg\u00f3cio de Estrela (Cacis) deve realizar nova edi\u00e7\u00e3o do Caf\u00e9 Empresarial. O evento acontece no dia 21 de agosto, a partir das 8h, na sede da empresa Launer Qu\u00edmica. Localizada na rodovia Transantarita, 4740, km 3,5, em Estrela. Com o tema &#8220;Conhecendo a Launer Qu\u00edmica&#8221;, o evento contar\u00e1 [&hellip;]"}

Redação Folha Popular

Cacis promove Café Empresarial em Estrela - Folha Popular

<blockquote class="wp-embedded-content" data-secret="kTETDlb9Me"><a href="https://folhapopular.info/index.php/2024/08/09/cacis-promove-cafe-empresarial-em-estrela/">Cacis promove Café Empresarial em Estrela</a></blockquote><iframe sandbox="allow-scripts" security="restricted" src="https://folhapopular.info/index.php/2024/08/09/cacis-promove-cafe-empresarial-em-estrela/embed/#?secret=kTETDlb9Me" width="600" height="338" title="&#8220;Cacis promove Café Empresarial em Estrela&#8221; &#8212; Folha Popular" data-secret="kTETDlb9Me" frameborder="0" marginwidth="0" marginheight="0" scrolling="no" class="wp-embedded-content"></iframe><script type="text/javascript">
/* <![CDATA[ */
/*! This file is auto-generated */
!function(d,l){"use strict";l.querySelector&&d.addEventListener&&"undefined"!=typeof URL&&(d.wp=d.wp||{},d.wp.receiveEmbedMessage||(d.wp.receiveEmbedMessage=function(e){var t=e.data;if((t||t.secret||t.message||t.value)&&!/[^a-zA-Z0-9]/.test(t.secret)){for(var s,r,n,a=l.querySelectorAll('iframe[data-secret="'+t.secret+'"]'),o=l.querySelectorAll('blockquote[data-secret="'+t.secret+'"]'),c=new RegExp("^https?:$","i"),i=0;i<o.length;i++)o[i].style.display="none";for(i=0;i<a.length;i++)s=a[i],e.source===s.contentWindow&&(s.removeAttribute("style"),"height"===t.message?(1e3<(r=parseInt(t.value,10))?r=1e3:~~r<200&&(r=200),s.height=r):"link"===t.message&&(r=new URL(s.getAttribute("src")),n=new URL(t.value),c.test(n.protocol))&&n.host===r.host&&l.activeElement===s&&(d.top.location.href=t.value))}},d.addEventListener("message",d.wp.receiveEmbedMessage,!1),l.addEventListener("DOMContentLoaded",function(){for(var e,t,s=l.querySelectorAll("iframe.wp-embedded-content"),r=0;r<s.length;r++)(t=(e=s[r]).getAttribute("data-secret"))||(t=Math.random().toString(36).substring(2,12),e.src+="#?secret="+t,e.setAttribute("data-secret",t)),e.contentWindow.postMessage({message:"ready",secret:t},"*")},!1)))}(window,document);
//# sourceURL=https://folhapopular.info/wp-includes/js/wp-embed.min.js
/* ]]> */
</script>

A Câmara de Comércio, Indústria, Serviços e Agronegócio de Estrela (Cacis) deve realizar nova edição do Café Empresarial. O evento acontece no dia 21 de agosto, a partir das 8h, na sede da empresa Launer Química. Localizada na rodovia Transantarita, 4740, km 3,5, em Estrela. Com o tema &#8220;Conhecendo a Launer Química&#8221;, o evento contará [&hellip;]
