{"version":"1.0","provider_name":"Folha Popular","provider_url":"https:\/\/folhapopular.info","author_name":"Camille Lenz da Silva","author_url":"https:\/\/folhapopular.info\/index.php\/author\/camillelenzgmail-com\/","title":"Maneco tenta segunda chance como deputado estadual - Folha Popular","type":"rich","width":600,"height":338,"html":"<blockquote class=\"wp-embedded-content\" data-secret=\"HCpluI2ejX\"><a href=\"https:\/\/folhapopular.info\/index.php\/2026\/03\/04\/maneco-tenta-segunda-chance-como-deputado-estadual\/\">Maneco tenta segunda chance como deputado estadual<\/a><\/blockquote><iframe sandbox=\"allow-scripts\" security=\"restricted\" src=\"https:\/\/folhapopular.info\/index.php\/2026\/03\/04\/maneco-tenta-segunda-chance-como-deputado-estadual\/embed\/#?secret=HCpluI2ejX\" width=\"600\" height=\"338\" title=\"&#8220;Maneco tenta segunda chance como deputado estadual&#8221; &#8212; Folha Popular\" data-secret=\"HCpluI2ejX\" frameborder=\"0\" marginwidth=\"0\" marginheight=\"0\" scrolling=\"no\" class=\"wp-embedded-content\"><\/iframe><script type=\"text\/javascript\">\n\/* <![CDATA[ *\/\n\/*! This file is auto-generated *\/\n!function(d,l){\"use strict\";l.querySelector&&d.addEventListener&&\"undefined\"!=typeof URL&&(d.wp=d.wp||{},d.wp.receiveEmbedMessage||(d.wp.receiveEmbedMessage=function(e){var t=e.data;if((t||t.secret||t.message||t.value)&&!\/[^a-zA-Z0-9]\/.test(t.secret)){for(var s,r,n,a=l.querySelectorAll('iframe[data-secret=\"'+t.secret+'\"]'),o=l.querySelectorAll('blockquote[data-secret=\"'+t.secret+'\"]'),c=new RegExp(\"^https?:$\",\"i\"),i=0;i<o.length;i++)o[i].style.display=\"none\";for(i=0;i<a.length;i++)s=a[i],e.source===s.contentWindow&&(s.removeAttribute(\"style\"),\"height\"===t.message?(1e3<(r=parseInt(t.value,10))?r=1e3:~~r<200&&(r=200),s.height=r):\"link\"===t.message&&(r=new URL(s.getAttribute(\"src\")),n=new URL(t.value),c.test(n.protocol))&&n.host===r.host&&l.activeElement===s&&(d.top.location.href=t.value))}},d.addEventListener(\"message\",d.wp.receiveEmbedMessage,!1),l.addEventListener(\"DOMContentLoaded\",function(){for(var e,t,s=l.querySelectorAll(\"iframe.wp-embedded-content\"),r=0;r<s.length;r++)(t=(e=s[r]).getAttribute(\"data-secret\"))||(t=Math.random().toString(36).substring(2,12),e.src+=\"#?secret=\"+t,e.setAttribute(\"data-secret\",t)),e.contentWindow.postMessage({message:\"ready\",secret:t},\"*\")},!1)))}(window,document);\n\/\/# sourceURL=https:\/\/folhapopular.info\/wp-includes\/js\/wp-embed.min.js\n\/* ]]> *\/\n<\/script>\n","thumbnail_url":"http:\/\/folhapopular.info\/wp-content\/uploads\/2026\/03\/Maneco-Hassen-de-Jesus_AO.jpeg","thumbnail_width":1280,"thumbnail_height":960,"description":"Emanuel Hassen de Jesus, mais conhecido como Maneco, tem longa trajet\u00f3ria na pol\u00edtica em n\u00edvel estadual e federal pelo Partido dos Trabalhadores (PT), do qual \u00e9 filiado por mais de duas d\u00e9cadas. Advogado, hoje atua como secret\u00e1rio para Apoio \u00e0 Reconstru\u00e7\u00e3o do RS, mas j\u00e1 foi Secret\u00e1rio de Comunica\u00e7\u00e3o Institucional da Presid\u00eancia da Rep\u00fablica, duas [&hellip;]"}

Emanuel Hassen de Jesus, mais conhecido como Maneco, tem longa trajetória na política em nível estadual e federal pelo Partido dos Trabalhadores (PT), do qual é filiado por mais de duas décadas. Advogado, hoje atua como secretário para Apoio à Reconstrução do RS, mas já foi Secretário de Comunicação Institucional da Presidência da República, duas [&hellip;]
