{"version":"1.0","provider_name":"Folha Popular","provider_url":"https:\/\/folhapopular.info","author_name":"Reda\u00e7\u00e3o Folha Popular","author_url":"https:\/\/folhapopular.info\/index.php\/author\/redacao\/","title":"Inc\u00eandio destr\u00f3i resid\u00eancia no Centro de Colinas - Folha Popular","type":"rich","width":600,"height":338,"html":"<blockquote class=\"wp-embedded-content\" data-secret=\"LAO4BMdKE3\"><a href=\"https:\/\/folhapopular.info\/index.php\/2026\/04\/29\/incendio-destroi-residencia-no-centro-de-colinas\/\">Inc\u00eandio destr\u00f3i resid\u00eancia no Centro de Colinas<\/a><\/blockquote><iframe sandbox=\"allow-scripts\" security=\"restricted\" src=\"https:\/\/folhapopular.info\/index.php\/2026\/04\/29\/incendio-destroi-residencia-no-centro-de-colinas\/embed\/#?secret=LAO4BMdKE3\" width=\"600\" height=\"338\" title=\"&#8220;Inc\u00eandio destr\u00f3i resid\u00eancia no Centro de Colinas&#8221; &#8212; Folha Popular\" data-secret=\"LAO4BMdKE3\" frameborder=\"0\" marginwidth=\"0\" marginheight=\"0\" scrolling=\"no\" class=\"wp-embedded-content\"><\/iframe><script type=\"text\/javascript\">\n\/* <![CDATA[ *\/\n\/*! This file is auto-generated *\/\n!function(d,l){\"use strict\";l.querySelector&&d.addEventListener&&\"undefined\"!=typeof URL&&(d.wp=d.wp||{},d.wp.receiveEmbedMessage||(d.wp.receiveEmbedMessage=function(e){var t=e.data;if((t||t.secret||t.message||t.value)&&!\/[^a-zA-Z0-9]\/.test(t.secret)){for(var s,r,n,a=l.querySelectorAll('iframe[data-secret=\"'+t.secret+'\"]'),o=l.querySelectorAll('blockquote[data-secret=\"'+t.secret+'\"]'),c=new RegExp(\"^https?:$\",\"i\"),i=0;i<o.length;i++)o[i].style.display=\"none\";for(i=0;i<a.length;i++)s=a[i],e.source===s.contentWindow&&(s.removeAttribute(\"style\"),\"height\"===t.message?(1e3<(r=parseInt(t.value,10))?r=1e3:~~r<200&&(r=200),s.height=r):\"link\"===t.message&&(r=new URL(s.getAttribute(\"src\")),n=new URL(t.value),c.test(n.protocol))&&n.host===r.host&&l.activeElement===s&&(d.top.location.href=t.value))}},d.addEventListener(\"message\",d.wp.receiveEmbedMessage,!1),l.addEventListener(\"DOMContentLoaded\",function(){for(var e,t,s=l.querySelectorAll(\"iframe.wp-embedded-content\"),r=0;r<s.length;r++)(t=(e=s[r]).getAttribute(\"data-secret\"))||(t=Math.random().toString(36).substring(2,12),e.src+=\"#?secret=\"+t,e.setAttribute(\"data-secret\",t)),e.contentWindow.postMessage({message:\"ready\",secret:t},\"*\")},!1)))}(window,document);\n\/\/# sourceURL=https:\/\/folhapopular.info\/wp-includes\/js\/wp-embed.min.js\n\/* ]]> *\/\n<\/script>\n","thumbnail_url":"https:\/\/folhapopular.info\/wp-content\/uploads\/2026\/04\/WhatsApp-Image-2026-04-29-at-11.15.04.jpeg","thumbnail_width":837,"thumbnail_height":839,"description":"Um inc\u00eandio destruiu uma resid\u00eancia na noite desta ter\u00e7a-feira (28\/4), em Colinas. A ocorr\u00eancia foi registrada por volta das 23h, na Rua General Os\u00f3rio, no Centro do munic\u00edpio. No local, uma casa de madeira foi completamente consumida pelas chamas, resultando em perda total da estrutura. Apenas um anexo de material, nos fundos do terreno, n\u00e3o [&hellip;]"}

Redação Folha Popular

Incêndio destrói residência no Centro de Colinas - Folha Popular

<blockquote class="wp-embedded-content" data-secret="LAO4BMdKE3"><a href="https://folhapopular.info/index.php/2026/04/29/incendio-destroi-residencia-no-centro-de-colinas/">Incêndio destrói residência no Centro de Colinas</a></blockquote><iframe sandbox="allow-scripts" security="restricted" src="https://folhapopular.info/index.php/2026/04/29/incendio-destroi-residencia-no-centro-de-colinas/embed/#?secret=LAO4BMdKE3" width="600" height="338" title="&#8220;Incêndio destrói residência no Centro de Colinas&#8221; &#8212; Folha Popular" data-secret="LAO4BMdKE3" frameborder="0" marginwidth="0" marginheight="0" scrolling="no" class="wp-embedded-content"></iframe><script type="text/javascript">
/* <![CDATA[ */
/*! This file is auto-generated */
!function(d,l){"use strict";l.querySelector&&d.addEventListener&&"undefined"!=typeof URL&&(d.wp=d.wp||{},d.wp.receiveEmbedMessage||(d.wp.receiveEmbedMessage=function(e){var t=e.data;if((t||t.secret||t.message||t.value)&&!/[^a-zA-Z0-9]/.test(t.secret)){for(var s,r,n,a=l.querySelectorAll('iframe[data-secret="'+t.secret+'"]'),o=l.querySelectorAll('blockquote[data-secret="'+t.secret+'"]'),c=new RegExp("^https?:$","i"),i=0;i<o.length;i++)o[i].style.display="none";for(i=0;i<a.length;i++)s=a[i],e.source===s.contentWindow&&(s.removeAttribute("style"),"height"===t.message?(1e3<(r=parseInt(t.value,10))?r=1e3:~~r<200&&(r=200),s.height=r):"link"===t.message&&(r=new URL(s.getAttribute("src")),n=new URL(t.value),c.test(n.protocol))&&n.host===r.host&&l.activeElement===s&&(d.top.location.href=t.value))}},d.addEventListener("message",d.wp.receiveEmbedMessage,!1),l.addEventListener("DOMContentLoaded",function(){for(var e,t,s=l.querySelectorAll("iframe.wp-embedded-content"),r=0;r<s.length;r++)(t=(e=s[r]).getAttribute("data-secret"))||(t=Math.random().toString(36).substring(2,12),e.src+="#?secret="+t,e.setAttribute("data-secret",t)),e.contentWindow.postMessage({message:"ready",secret:t},"*")},!1)))}(window,document);
//# sourceURL=https://folhapopular.info/wp-includes/js/wp-embed.min.js
/* ]]> */
</script>

Um incêndio destruiu uma residência na noite desta terça-feira (28/4), em Colinas. A ocorrência foi registrada por volta das 23h, na Rua General Osório, no Centro do município. No local, uma casa de madeira foi completamente consumida pelas chamas, resultando em perda total da estrutura. Apenas um anexo de material, nos fundos do terreno, não [&hellip;]
